.
78
What is the highest common divisor of 3 and 249?
3
What is the greatest common factor of 120 and 210?
30
Calculate the highest common factor of 7 and 259.
7
What is the highest common factor of 43 and 688?
43
What is the greatest common divisor of 8 and 692?
4
Calculate the highest common factor of 1869 and 42.
21
Calculate the highest common factor of 4 and 188.
4
What is the greatest common divisor of 30 and 1230?
30
What is the highest common factor of 2635 and 31?
31
What is the greatest common factor of 16 and 6872?
8
What is the greatest common factor of 14560 and 35?
35
Calculate the greatest common factor of 9313 and 67.
67
What is the greatest common divisor of 33270 and 15?
15
Calculate the highest common factor of 352 and 451.
11
What is the highest common factor of 1957 and 133?
19
Calculate the highest common divisor of 340 and 55.
5
Calculate the greatest common divisor of 109 and 545.
109
Calculate the greatest common divisor of 410 and 10.
10
What is the greatest common factor of 10 and 8495?
5
Calculate the highest common factor of 69 and 92.
23
What is the highest common factor of 84 and 63?
21
What is the highest common divisor of 2 and 26?
2
What is the greatest common divisor of 15343 and 67?
67
What is the highest common factor of 63 and 4032?
63
Calculate the greatest common factor of 14726 and 74.
74
What is the greatest common factor of 63 and 14?
7
What is the highest common divisor of 24539 and 53?
53
What is the greatest common factor of 183 and 3?
3
What is the greatest common divisor of 2340 and 39?
39
What is the greatest common factor of 64 and 96?
32
Calculate the highest common divisor of 746 and 2.
2
What is the greatest common divisor of 549 and 1464?
183
What is the highest common factor of 78 and 637?
13
Calculate the greatest common divisor of 12 and 15828.
12
Calculate the highest common divisor of 41 and 1.
1
What is the highest common factor of 63 and 117?
9
Calculate the greatest common divisor of 359 and 12.
1
What is the greatest common factor of 220 and 80?
20
Calculate the greatest common divisor of 931 and 2261.
133
Calculate the highest common divisor of 18 and 48.
6
What is the highest common factor of 300 and 24?
12
What is the greatest common factor of 1843 and 608?
19
What is the highest common factor of 15 and 215?
5
What is the greatest common divisor of 68 and 918?
34
Calculate the greatest common factor of 416 and 288.
32
What is the greatest common factor of 2575 and 618?
103
What is the greatest common divisor of 24 and 2196?
12
What is the greatest common divisor of 4864 and 4560?
304
Calculate the greatest common divisor of 24 and 258.
6
Calculate the greatest common factor of 108 and 30564.
108
Calculate the greatest common divisor of 29 and 4553.
29
What is the highest common factor of 20 and 30?
10
Calculate the highest common divisor of 44 and 1744.
4
Calculate the greatest common divisor of 187 and 33.
11
Calculate the greatest common factor of 238 and 154.
14
Calculate the highest common factor of 50 and 375.
25
What is the highest common factor of 1073 and 87?
29
What is the highest common divisor of 24 and 228?
12
Calculate the highest common divisor of 12 and 58.
2
What is the highest common factor of 126 and 1701?
63
Calculate the highest common factor of 65233 and 7.
7
What is the highest common factor of 325 and 3725?
25
Calculate the greatest common divisor of 39 and 26.
13
What is the highest common divisor of 3157 and 143?
11
Calculate the highest common divisor of 53 and 35881.
53
What is the highest common divisor of 6648 and 120?
24
What is the highest common divisor of 204 and 672?
12
What is the greatest common divisor of 187 and 119?
17
What is the greatest common divisor of 500 and 260?
20
Calculate the greatest common factor of 1323 and 351.
27
What is the greatest common factor of 32 and 296?
8
What is the highest common factor of 364 and 84?
28
Calculate the highest common divisor of 17723 and 74.
37
What is the highest common divisor of 9 and 1008?
9
What is the highest common divisor of 207 and 23?
23
What is the highest common factor of 1647 and 3?
3
What is the highest common factor of 540 and 36?
36
What is the highest common divisor of 84 and 700?
28
Calculate the highest common factor of 18659 and 47.
47
What is the greatest common factor of 54 and 186?
6
Calculate the highest common factor of 28 and 24836.
28
What is the highest common divisor of 117 and 273?
39
Calculate the greatest common divisor of 20 and 65.
5
What is the greatest common divisor of 113 and 1017?
113
Calculate the greatest common factor of 57 and 133.
19
Calculate the highest common factor of 20 and 980.
20
Calculate the greatest common divisor of 5526 and 90.
18
What is the greatest common divisor of 107 and 1391?
107
Calculate the highest common factor of 4781 and 7.
7
What is the highest common factor of 168 and 21?
21
What is the highest common divisor of 104 and 312?
104
Calculate the highest common factor of 243 and 513.
27
Calculate the highest common factor of 1640 and 41.
41
What is the highest common factor of 3623 and 2?
1
Calculate the highest common divisor of 16310 and 20.
10
What is the greatest common divisor of 1736 and 35?
7
What is the greatest common divisor of 82 and 10?
2
Calculate the greatest common factor of 245 and 1813.
49
What is the greatest common factor of 5 and 1345?
5
What is the greatest common factor of 999 and 108?
27
What is the greatest common factor of 715 and 99?
11
What is the greatest common divisor of 162 and 42?
6
What is the greatest common factor of 6350 and 450?
50
Calculate the highest common divisor of 24 and 7416.
24
What is the greatest common factor of 12 and 1788?
12
What is the greatest common factor of 63 and 378?
63
Calculate the highest common divisor of 616 and 6853.
77
Calculate the greatest common divisor of 312 and 24.
24
What is the highest common factor of 1416 and 144?
24
What is the highest common divisor of 28 and 3934?
14
Calculate the highest common factor of 14 and 18.
2
What is the greatest common factor of 12 and 36?
12
Calculate the greatest common factor of 1455 and 1185.
15
What is the highest common factor of 7 and 56?
7
What is the highest common factor of 13 and 4?
1
Calculate the greatest common divisor of 4668 and 12.
12
What is the greatest common divisor of 308 and 280?
28
Calculate the highest common divisor of 20 and 580.
20
What is the highest common factor of 6049 and 184?
23
Calculate the highest common factor of 2093 and 455.
91
What is the highest common factor of 1448 and 2?
2
Calculate the greatest common factor of 560 and 56.
56
Calculate the highest common divisor of 459 and 27.
27
Calculate the highest common divisor of 84 and 2079.
21
Calculate the greatest common divisor of 57 and 494.
19
Calculate the greatest common divisor of 475 and 20.
5
Calculate the highest common factor of 441 and 63.
63
What is the highest common divisor of 4 and 10?
2
What is the highest common divisor of 300 and 5?
5
Calculate the highest common divisor of 172 and 4171.
43
Calculate the highest common factor of 57013 and 142.
71
Calculate the highest common divisor of 45 and 285.
15
What is the highest common factor of 4 and 86?
2
Calculate the highest common factor of 155 and 217.
31
What is the greatest common divisor of 480 and 8?
8
Calculate the highest common factor of 12 and 1360.
4
What is the greatest common factor of 3091 and 99?
11
What is the highest common factor of 12 and 8484?
12
Calculate the greatest common divisor of 217 and 31.
31
What is the greatest common divisor of 252 and 441?
63
Calculate the greatest common factor of 117 and 273.
39
Calculate the greatest common divisor of 121 and 4477.
121
Calculate the greatest common factor of 116 and 1972.
116
Calculate the greatest common factor of 324 and 2484.
108
Calculate the highest common factor of 2154 and 24.
6
Calculate the highest common divisor of 33 and 275.
11
What is the highest common divisor of 4520 and 8?
8
Calculate the greatest common divisor of 25177 and 17.
17
Calculate the highest common divisor of 465 and 1209.
93
What is the greatest common factor of 27920 and 5?
5
What is the highest common factor of 23 and 3174?